Suppose 0 = v - 4*g - 1 + 7, 5*v - g = 8. Let u be a(v). Let m(j) = -j**3 - 4*j**2 + 6*j + 5. What is m(u)?
0
Let j = 1 + 2. Suppose -3*d + j*b = 2*d - 15, -5*b + 49 = 4*d. Let t(n) = 2*n - 2*n - 4*n + d + 3*n. Calculate t(0).
6
Suppose -r + 32 = 4*w - 4*r, 16 = -4*r. Let l(m) = -4*m - 2. Let t(f) = 7*f + 4. Let u = 2 - -1. Let p(b) = u*t(b) + w*l(b). What is p(3)?
5
Let u be 2/(-6) - (-2)/6. Let c(d) be the second derivative of 0*d**4 - 12*d - 1/6*d**3 + 0 - d**2 + 1/20*d**5. Determine c(u).
-2
Suppose i - 10 - 3 = 0. Let k(w) = -5*w**2 - w - 6. Let z(a) = 11*a**2 + 2*a + 13. Let c(y) = i*k(y) + 6*z(y). Calculate c(3).
6
Let j = -31 - -36. Let q(m) be the third derivative of -1/60*m**5 + 0 + 5/24*m**4 + 0*m - 2*m**2 - 1/6*m**3. Determine q(j).
-1
Let y(s) = 5*s - 18. Let m(r) = -r - 1. Let v(u) = 5*m(u) - y(u). Let n(o) = 7*o - 9. Let b(f) = 7*n(f) + 5*v(f). Let i = -9 - -4. What is b(i)?
7
Let u(o) = -2*o**3 + 3*o**3 - o + 3*o**2 - 2*o + 5. Let a(g) = -g**3 + 21*g**2 - 38*g - 4. Let s be a(19). Give u(s).
1
Let q be -1 - 0/((-2)/(-1)). Let f(d) = -19*d**2 + 3*d - 9. Let b(y) = -10*y**2 + 2*y - 5. Let u(a) = -7*b(a) + 4*f(a). Give u(q).
-5
Suppose 5*a = 4*c + 2*a - 1, -2 = 2*c - 4*a. Let n(g) = -g**3 - g**2 + g. What is n(c)?
-1
Let c(i) = i**3 - 6*i**2 - 7*i + 3. Let o be c(7). Let n(k) = -k**2 + 2*k + 4. What is n(o)?
1
Suppose -3*c + c + 4 = 0. Suppose 0 = -c*l + 7*l - v - 1, 0 = l - 2*v - 2. Let g(m) = -m + l*m - 3 + m - 2*m**2 - 4*m. Determine g(-2).
-3
Suppose 0 = 5*f + 5*y + 50, f - 20 = 4*f + y. Let j(a) = -a**3 + 1. Let m(s) = -6*s**3 - 4*s**2 + 2*s - 2. Let p(x) = -5*j(x) + m(x). Give p(f).
8
Let m(a) = 3*a**3 - 7*a**2 + 5*a - 7. Let u(f) = -4*f**3 + 7*f**2 - 4*f + 8. Let x(b) = 3*m(b) + 2*u(b). Determine x(6).
1
Let r(o) = -o + 4. Let a be r(9). Let m = -3 - a. Let i(t) = -1 - 3*t + m + t + 0*t. What is i(3)?
-5
Let n(i) = -i**2 - 3*i + 1. Let g be n(-3). Let j(q) = 0 + 1 - 5*q**2 - 2. What is j(g)?
-6
Let v(k) = k**2 - 5*k - 2. Let d be v(6). Let p(x) be the first derivative of -2*x**3/3 + 5*x**2/2 + 12. Calculate p(d).
-12
Let r(d) = 30*d + 1 + 0 - 9*d - 13*d. What is r(-1)?
-7
Let o(r) = 0*r - 2 + 0*r - 4*r. Suppose 6*u + 8 + 4 = 0. Determine o(u).
6
Let s(o) = o - 4. Let f(p) = p + 1. Let c(t) = -f(t) - s(t). Let l = -63 - -57. What is c(l)?
15
Let h(z) = -z**2 + 5*z - 3. Let n = 20 - 15. Give h(n).
-3
Let q(h) be the first derivative of h**6/120 + h**5/20 + h**4/12 - h**3/6 + h**2 - 3. Let l(b) be the second derivative of q(b). Determine l(-2).
-1
Let k(l) = -l + 8. Let s(m) = -m + 1. Let c(r) = -k(r) + 2*s(r). Let u be c(-2). Let a(x) = -x**2 - 5*x - 2. Determine a(u).
2
Suppose -8*n + 7*n + 408 = 0. Let b be n/(-108) + (-2)/9. Let s(c) = -c**2 - c. Calculate s(b).
-12
Let z be (-1 + -2*1)/(147/98). Let f(a) = a**3 + 4*a**2 + 4*a + 2. What is f(z)?
2
Let c = -1 + 3. Let h(i) = -3*i + i**2 + 2*i + 7*i**c. Let w(q) = q + 3. Let g be w(-4). Determine h(g).
9
Let w(c) = -4*c**2 + 6*c + 10. Let m(a) = a**2 - 1. Let z(u) = 3*m(u) + w(u). Give z(7).
0
Let p = 26 - 20. Let c(r) = -r - 7. What is c(p)?
-13
Let j(k) = k**3 + 3 - 2 + 4*k**2 + 4*k + 0*k**3. Let z be ((-11)/55)/(1/(-5)). Let y be (z - -2)/(1 - 2). Calculate j(y).
-2
Let o(a) be the third derivative of 0 - 1/60*a**5 - 1/2*a**3 + 2*a**2 + 0*a + 1/4*a**4. Give o(5).
2
Let l be ((-33)/(-2))/(3/4). Suppose -3*d = 4*w - 5*d - 18, -w + 4*d = -l. Let n(x) = -3*x + 1 - x**2 - 7*x**3 + w*x + x**3. Give n(1).
-7
Let z(t) = -2*t + 3. Let q(w) = w**2 - 10*w + 11. Let p be q(9). Let j(s) = 3*s**2 + s**3 - 3 - 2*s**2 + 8*s - p*s**2 - 7*s**2. Let d be j(7). What is z(d)?
-5
Let o(p) = 6*p + 1 - p**2 - 4 - 2*p. Let u(t) = -3*t + 2. Suppose 0 = 6*z - 2*z - 16. Let v(f) = z*u(f) + 3*o(f). What is v(-1)?
-4
Suppose -n - 35 + 3 = -3*h, -3*n - 41 = -4*h. Let a(o) = -4*o**2 + 7. Let t(x) = -8*x**2 + 13. Let c(b) = h*a(b) - 6*t(b). Determine c(1).
3
Let c be (-2)/2 - (-30)/6. Let y(q) = q - 4. What is y(c)?
0
Suppose -2*l + 3*n + 10 = 5*n, -3 = -l + n. Let d(i) = 3*i - 5. Calculate d(l).
7
Let g(v) be the third derivative of -7*v**4/24 + v**3/6 - 9*v**2. What is g(1)?
-6
Suppose -20 = 4*b, 5*j - 4*b = 9 + 16. Let m(p) be the second derivative of -3*p**5/20 + p**4/12 + p**3/6 - p**2/2 - 11*p. Calculate m(j).
-2
Suppose 3*f + 8 - 2 = 0. Let i be 12/3 + f + 3. Suppose 3*k + 5*b - 30 = -k, 2*b - 29 = -i*k. Let r(c) = c**2 - 6*c - 5. Give r(k).
-10
Suppose -o = 2*o + 6. Let j = o - -3. Let d(g) = 2*g**2 + g. Calculate d(j).
3
Let q(g) = g**2 - g - 16. Suppose l = -3*x, 3*l = -2*l. What is q(x)?
-16
Let n(o) = -8*o**2 + o. Suppose -x + 9 = 4*q + 4, 5*x = 4*q + 1. What is n(x)?
-7
Let c(f) = 5*f**2 - 5 - 2 + f**2 - 7*f + f**2 - f**3. Give c(6).
-13
Let r(b) be the third derivative of 0*b + 0 - 2*b**2 + 0*b**3 - 5/24*b**4. Give r(-1).
5
Let i(l) = -l. Let t(q) = -2*q. Suppose 0 = k - 2*p - 10, 2*k - 3*p = 3*k + 10. Let g be 2/(-1)*(-6)/(-4). Let y(r) = g*i(r) + k*t(r). What is y(0)?
0
Suppose -12 = -3*p - 138. Let u be p/(-9) + (-3)/(-9). Let w(r) = r**3 - 5*r**2 - r + 4. Determine w(u).
-1
Suppose 5*g = -4*u - 20, -2*u - 5*g = 12 + 8. Let b(h) = 0*h - 3*h + 2*h - 2 + u. Suppose 3*z + 4*v = 27, 3*v - 6 = 3. What is b(z)?
-7
Suppose -3*c + 61 = 7. Suppose 3*j - 5*j = -c. Suppose -8*q + j*q = -1. Let m(r) = 2*r**3 + r + 1. Give m(q).
-2
Let y(k) be the first derivative of -51*k + 1 + 51*k + k**2. What is y(1)?
2
Let p(y) be the first derivative of -3*y**2/2 - 3*y - 6. What is p(-3)?
6
Let i(u) = u**3 + 4*u**2 - 4*u + 3. Let n be (5/4)/(3/(-12)). Let d be i(n). Let w(x) = x**2 + 0 - 1 + 0*x**2 + x. What is w(d)?
1
Let p(t) be the second derivative of t**5/20 - 7*t**2/2 + 5*t. Determine p(0).
-7
Let d(n) be the second derivative of n**4/12 - n**3/3 + n**2 + 7*n + 1. What is d(-3)?
17
Let y(k) = 7*k - 11. Let q be (-11)/(1*2/(-2)). Let s(l) = -13*l + 21. Let p(b) = q*y(b) + 6*s(b). Calculate p(7).
-2
Suppose 4*y + 3*v + 17 + 23 = 0, -2*y + 3*v = 20. Let q(r) = -r - 5. Give q(y).
5
Let z(c) = c + 6. Let f(q) = -3*q - 17. Let b(r) = -6*f(r) - 17*z(r). Let a(v) = -v**2 + 6*v + 11. Let d be a(7). Calculate b(d).
4
Let o(i) be the second derivative of 0 - 1/12*i**4 + 0*i**2 - 3*i - 7/6*i**3. Suppose -2*n = -4*n - 6. Give o(n).
12
Let u be (-1 - (-2)/(-2)) + 8. Let l(x) = -x**2 + 5*x - 1. Determine l(u).
-7
Let t = 7 + -4. Let o(w) = 3*w**3 - 5*w**t + w**3 - 2*w**2 + 1. Suppose 0 = 3*c - 0*c - 5*b - 19, -5*c - 5*b = 35. Calculate o(c).
1
Suppose 5*m = -5*s + 20, -3*m + s + 4 = -0*m. Let n(a) = 1 + 94*a - 94*a + m*a**3 - a**3 + 2*a**2. Give n(-3).
-8
Let o(j) = -4 + 5*j**2 - 3*j**3 + 8 - j**3 + 3*j**3 - 4*j. Determine o(4).
4
Let m(s) = -s - 4. Let j be m(-10). Let r(n) = -2*n + 6. Give r(j).
-6
Let f(v) = v**3 - 5*v**2 + 6*v - 6. Let k be (-1)/(-5) + 49/5. Let x be (16/(-10))/((-4)/k). Calculate f(x).
2
Let k(j) = j + 1 - 3 + 4 - 1. Give k(-6).
-5
Suppose -5*u + 20 = -5. Let s(h) = h**3 - h + 1. Let o(y) = -6*y**3 + 5*y**2 - y - 5. Let b(m) = u*s(m) + o(m). Let t = -3 - -7. Determine b(t).
-8
Let s(f) = 4*f. Let k(r) = 3*r + 1. Let i(a) = -3*k(a) + 2*s(a). Let p(z) = -z**2 - 4*z + 4. Let v be p(-5). Let d(u) = -4*u + 1. Let h be d(v). What is i(h)?
-8
Let t(g) = g**3 + 3*g**2 + 2*g + 4. Let o(v) = -v**3 + 22*v**2 + 23*v - 3. Let n be o(23). What is t(n)?
-2
Let a(s) = 6*s**2 - 3*s + 2. Let r be (-125)/(-30) - 3/18 - 2. What is a(r)?
20
Let i(p) = -69*p + 38*p + 30*p. Determine i(-9).
9
Let i = 9 + -14. Let x(p) = -2*p. Let a(n) = n**3 - 4*n**2 - 5. Let y be a(4). Let f(z) = 4*z - 1. Let v(t) = y*x(t) - 2*f(t). What is v(i)?
-8
Let q(u) = 5*u**2 - 10*u - 1. Let c(s) be the first derivative of -2*s**3 + 11*s**2/2 + s - 1. Let t(y) = -6*c(y) - 7*q(y). Give t(-6).
13
Let m = 10 - 5. Suppose 2*g + 19 = -5*c, -g - m = -6*g - 2*c. Suppose 13 = g*o + 1. Let h(k) = -k. Determine h(o).
-4
Let h = 3 - 0. Let t(i) = i - 3. What is t(h)?
0
Let z(o) = -o**2 + 8*o - 6. Suppose 3*h - 5 = 7. Suppose -h*y = -10*y + 42. What is z(y)?
1
Let c(t) be the second derivative of t**3/6 - 7*t**2/2 + 39*t. Calculate c(5).
-2
Let j(q) be the third derivative of -q**4/12 + 5*q**3/6 - q**2. Suppose 30*z = 140 + 10. Determine j(z).
-5
Let u(v) = v**3 + 9*v**2 - 7. Let t be ((-1 - 8) + 0)*(7 - 6). Determine u(t).
-7
Let q(u) = 6*u - 4*u - u 